{"id":44,"date":"2025-08-27T04:19:01","date_gmt":"2025-08-27T04:19:01","guid":{"rendered":"https:\/\/hoangthien.toidayhoc.com\/?post_type=product&#038;p=44"},"modified":"2025-08-27T04:19:01","modified_gmt":"2025-08-27T04:19:01","slug":"ao-thun-nam-cotton-cao-cap-co-tron-thoai-mai-lich-lam-moi-ngay","status":"publish","type":"product","link":"https:\/\/hoangthien.toidayhoc.com\/index.php\/product\/ao-thun-nam-cotton-cao-cap-co-tron-thoai-mai-lich-lam-moi-ngay\/","title":{"rendered":"\u00c1o Thun Nam Cotton Cao C\u1ea5p c\u1ed5 tr\u00f2n  \u2013 Tho\u1ea3i M\u00e1i, L\u1ecbch L\u00e3m M\u1ed7i Ng\u00e0y"},"content":{"rendered":"<p data-start=\"189\" data-end=\"678\">Mang \u0111\u1ebfn s\u1ef1 k\u1ebft h\u1ee3p ho\u00e0n h\u1ea3o gi\u1eefa phong c\u00e1ch v\u00e0 s\u1ef1 tho\u1ea3i m\u00e1i, \u00e1o thun nam cotton cao c\u1ea5p \u0111\u01b0\u1ee3c thi\u1ebft k\u1ebf d\u00e0nh ri\u00eang cho ph\u00e1i m\u1ea1nh t\u1eeb 18 \u0111\u1ebfn 45 tu\u1ed5i. Ch\u1ea5t li\u1ec7u 100% cotton m\u1ec1m m\u1ea1i, th\u1ea5m h\u00fat m\u1ed3 h\u00f4i t\u1ed1t, ph\u00f9 h\u1ee3p v\u1edbi m\u1ecdi ho\u1ea1t \u0111\u1ed9ng h\u00e0ng ng\u00e0y t\u1eeb \u0111i l\u00e0m, d\u1ea1o ph\u1ed1 \u0111\u1ebfn t\u1eadp luy\u1ec7n th\u1ec3 thao. Form \u00e1o chu\u1ea9n, t\u00f4n d\u00e1ng, d\u1ec5 ph\u1ed1i \u0111\u1ed3 c\u00f9ng qu\u1ea7n jeans, kaki hay short. \u0110\u01b0\u1eddng may ch\u1eafc ch\u1eafn, m\u00e0u s\u1eafc \u0111a d\u1ea1ng, b\u1ec1n \u0111\u1eb9p sau nhi\u1ec1u l\u1ea7n gi\u1eb7t. L\u1ef1a ch\u1ecdn l\u00fd t\u01b0\u1edfng cho phong c\u00e1ch nam t\u00ednh v\u00e0 hi\u1ec7n \u0111\u1ea1i.<\/p>\n<hr data-start=\"680\" data-end=\"683\" \/>\n<p data-start=\"685\" data-end=\"806\" data-is-last-node=\"\" data-is-only-node=\"\">N\u1ebfu b\u1ea1n c\u00f3 phong c\u00e1ch th\u01b0\u01a1ng hi\u1ec7u c\u1ee5 th\u1ec3 (n\u0103ng \u0111\u1ed9ng, sang tr\u1ecdng, basic, v.v.), m\u00ecnh c\u00f3 th\u1ec3 t\u00f9y ch\u1ec9nh l\u1ea1i cho ph\u00f9 h\u1ee3p h\u01a1n.<img loading=\"lazy\" decoding=\"async\" class=\"alignnone size-medium wp-image-48\" src=\"https:\/\/hoangthien.toidayhoc.com\/wp-content\/uploads\/2025\/08\/256041662153030202624-257x300.jpg\" alt=\"\" width=\"257\" height=\"300\" srcset=\"https:\/\/hoangthien.toidayhoc.com\/wp-content\/uploads\/2025\/08\/256041662153030202624-257x300.jpg 257w, https:\/\/hoangthien.toidayhoc.com\/wp-content\/uploads\/2025\/08\/256041662153030202624-876x1024.jpg 876w, https:\/\/hoangthien.toidayhoc.com\/wp-content\/uploads\/2025\/08\/256041662153030202624-768x898.jpg 768w, https:\/\/hoangthien.toidayhoc.com\/wp-content\/uploads\/2025\/08\/256041662153030202624-600x701.jpg 600w, https:\/\/hoangthien.toidayhoc.com\/wp-content\/uploads\/2025\/08\/256041662153030202624.jpg 1095w\" sizes=\"auto, (max-width: 257px) 100vw, 257px\" \/><img loading=\"lazy\" decoding=\"async\" class=\"alignnone size-medium wp-image-50\" src=\"https:\/\/hoangthien.toidayhoc.com\/wp-content\/uploads\/2025\/08\/b6aaecdd7c14f44aad0523-228x300.jpg\" alt=\"\" width=\"228\" height=\"300\" srcset=\"https:\/\/hoangthien.toidayhoc.com\/wp-content\/uploads\/2025\/08\/b6aaecdd7c14f44aad0523-228x300.jpg 228w, https:\/\/hoangthien.toidayhoc.com\/wp-content\/uploads\/2025\/08\/b6aaecdd7c14f44aad0523-778x1024.jpg 778w, https:\/\/hoangthien.toidayhoc.com\/wp-content\/uploads\/2025\/08\/b6aaecdd7c14f44aad0523-768x1011.jpg 768w, https:\/\/hoangthien.toidayhoc.com\/wp-content\/uploads\/2025\/08\/b6aaecdd7c14f44aad0523-600x790.jpg 600w, https:\/\/hoangthien.toidayhoc.com\/wp-content\/uploads\/2025\/08\/b6aaecdd7c14f44aad0523.jpg 972w\" sizes=\"auto, (max-width: 228px) 100vw, 228px\" \/><img loading=\"lazy\" decoding=\"async\" class=\"alignnone size-medium wp-image-51\" src=\"https:\/\/hoangthien.toidayhoc.com\/wp-content\/uploads\/2025\/08\/dde67ad7ea1e62403b0f34-258x300.jpg\" alt=\"\" width=\"258\" height=\"300\" srcset=\"https:\/\/hoangthien.toidayhoc.com\/wp-content\/uploads\/2025\/08\/dde67ad7ea1e62403b0f34-258x300.jpg 258w, https:\/\/hoangthien.toidayhoc.com\/wp-content\/uploads\/2025\/08\/dde67ad7ea1e62403b0f34-881x1024.jpg 881w, https:\/\/hoangthien.toidayhoc.com\/wp-content\/uploads\/2025\/08\/dde67ad7ea1e62403b0f34-768x893.jpg 768w, https:\/\/hoangthien.toidayhoc.com\/wp-content\/uploads\/2025\/08\/dde67ad7ea1e62403b0f34-600x698.jpg 600w, https:\/\/hoangthien.toidayhoc.com\/wp-content\/uploads\/2025\/08\/dde67ad7ea1e62403b0f34.jpg 1101w\" sizes=\"auto, (max-width: 258px) 100vw, 258px\" \/><img loading=\"lazy\" decoding=\"async\" class=\"alignnone size-medium wp-image-52\" src=\"https:\/\/hoangthien.toidayhoc.com\/wp-content\/uploads\/2025\/08\/e04f5068c0a148ff11b029-232x300.jpg\" alt=\"\" width=\"232\" height=\"300\" srcset=\"https:\/\/hoangthien.toidayhoc.com\/wp-content\/uploads\/2025\/08\/e04f5068c0a148ff11b029-232x300.jpg 232w, https:\/\/hoangthien.toidayhoc.com\/wp-content\/uploads\/2025\/08\/e04f5068c0a148ff11b029-792x1024.jpg 792w, https:\/\/hoangthien.toidayhoc.com\/wp-content\/uploads\/2025\/08\/e04f5068c0a148ff11b029-768x993.jpg 768w, https:\/\/hoangthien.toidayhoc.com\/wp-content\/uploads\/2025\/08\/e04f5068c0a148ff11b029-600x776.jpg 600w, https:\/\/hoangthien.toidayhoc.com\/wp-content\/uploads\/2025\/08\/e04f5068c0a148ff11b029.jpg 990w\" sizes=\"auto, (max-width: 232px) 100vw, 232px\" \/><img loading=\"lazy\" decoding=\"async\" class=\"alignnone size-medium wp-image-53\" src=\"https:\/\/hoangthien.toidayhoc.com\/wp-content\/uploads\/2025\/08\/z6936067763884_f5b8ee5738c134dff4b072d600f49606-236x300.jpg\" alt=\"\" width=\"236\" height=\"300\" srcset=\"https:\/\/hoangthien.toidayhoc.com\/wp-content\/uploads\/2025\/08\/z6936067763884_f5b8ee5738c134dff4b072d600f49606-236x300.jpg 236w, https:\/\/hoangthien.toidayhoc.com\/wp-content\/uploads\/2025\/08\/z6936067763884_f5b8ee5738c134dff4b072d600f49606-805x1024.jpg 805w, https:\/\/hoangthien.toidayhoc.com\/wp-content\/uploads\/2025\/08\/z6936067763884_f5b8ee5738c134dff4b072d600f49606-768x977.jpg 768w, https:\/\/hoangthien.toidayhoc.com\/wp-content\/uploads\/2025\/08\/z6936067763884_f5b8ee5738c134dff4b072d600f49606-600x763.jpg 600w, https:\/\/hoangthien.toidayhoc.com\/wp-content\/uploads\/2025\/08\/z6936067763884_f5b8ee5738c134dff4b072d600f49606.jpg 1006w\" sizes=\"auto, (max-width: 236px) 100vw, 236px\" \/><img loading=\"lazy\" decoding=\"async\" class=\"alignnone size-medium wp-image-54\" src=\"https:\/\/hoangthien.toidayhoc.com\/wp-content\/uploads\/2025\/08\/z6936067793380_8933c4254f545b2ce66129da1da4ec1d-253x300.jpg\" alt=\"\" width=\"253\" height=\"300\" srcset=\"https:\/\/hoangthien.toidayhoc.com\/wp-content\/uploads\/2025\/08\/z6936067793380_8933c4254f545b2ce66129da1da4ec1d-253x300.jpg 253w, https:\/\/hoangthien.toidayhoc.com\/wp-content\/uploads\/2025\/08\/z6936067793380_8933c4254f545b2ce66129da1da4ec1d-863x1024.jpg 863w, https:\/\/hoangthien.toidayhoc.com\/wp-content\/uploads\/2025\/08\/z6936067793380_8933c4254f545b2ce66129da1da4ec1d-768x911.jpg 768w, https:\/\/hoangthien.toidayhoc.com\/wp-content\/uploads\/2025\/08\/z6936067793380_8933c4254f545b2ce66129da1da4ec1d-600x712.jpg 600w, https:\/\/hoangthien.toidayhoc.com\/wp-content\/uploads\/2025\/08\/z6936067793380_8933c4254f545b2ce66129da1da4ec1d.jpg 1079w\" sizes=\"auto, (max-width: 253px) 100vw, 253px\" \/><img loading=\"lazy\" decoding=\"async\" class=\"alignnone size-medium wp-image-55\" src=\"https:\/\/hoangthien.toidayhoc.com\/wp-content\/uploads\/2025\/08\/z6936067798956_81452a50ed53925f8b89e1a45e2084dd-169x300.jpg\" alt=\"\" width=\"169\" height=\"300\" srcset=\"https:\/\/hoangthien.toidayhoc.com\/wp-content\/uploads\/2025\/08\/z6936067798956_81452a50ed53925f8b89e1a45e2084dd-169x300.jpg 169w, https:\/\/hoangthien.toidayhoc.com\/wp-content\/uploads\/2025\/08\/z6936067798956_81452a50ed53925f8b89e1a45e2084dd-576x1024.jpg 576w, https:\/\/hoangthien.toidayhoc.com\/wp-content\/uploads\/2025\/08\/z6936067798956_81452a50ed53925f8b89e1a45e2084dd-600x1067.jpg 600w, https:\/\/hoangthien.toidayhoc.com\/wp-content\/uploads\/2025\/08\/z6936067798956_81452a50ed53925f8b89e1a45e2084dd.jpg 720w\" sizes=\"auto, (max-width: 169px) 100vw, 169px\" \/><\/p>\n","protected":false},"excerpt":{"rendered":"<p>\u00c1o thun nam cotton \u2013 l\u1ef1a ch\u1ecdn kh\u00f4ng th\u1ec3 thi\u1ebfu cho t\u1ee7 \u0111\u1ed3 ph\u00e1i m\u1ea1nh. Thi\u1ebft k\u1ebf \u0111\u01a1n gi\u1ea3n, nam t\u00ednh, k\u1ebft h\u1ee3p c\u00f9ng ch\u1ea5t li\u1ec7u cotton tho\u00e1ng m\u00e1t, mang l\u1ea1i c\u1ea3m gi\u00e1c tho\u1ea3i m\u00e1i su\u1ed1t c\u1ea3 ng\u00e0y d\u00e0i.<\/p>\n","protected":false},"featured_media":45,"comment_status":"open","ping_status":"closed","template":"","meta":[],"product_brand":[],"product_cat":[15],"product_tag":[],"class_list":{"0":"post-44","1":"product","2":"type-product","3":"status-publish","4":"has-post-thumbnail","6":"product_cat-uncategorized","8":"first","9":"instock","10":"shipping-taxable","11":"purchasable","12":"product-type-simple"},"_links":{"self":[{"href":"https:\/\/hoangthien.toidayhoc.com\/index.php\/wp-json\/wp\/v2\/product\/44","targetHints":{"allow":["GET"]}}],"collection":[{"href":"https:\/\/hoangthien.toidayhoc.com\/index.php\/wp-json\/wp\/v2\/product"}],"about":[{"href":"https:\/\/hoangthien.toidayhoc.com\/index.php\/wp-json\/wp\/v2\/types\/product"}],"replies":[{"embeddable":true,"href":"https:\/\/hoangthien.toidayhoc.com\/index.php\/wp-json\/wp\/v2\/comments?post=44"}],"wp:featuredmedia":[{"embeddable":true,"href":"https:\/\/hoangthien.toidayhoc.com\/index.php\/wp-json\/wp\/v2\/media\/45"}],"wp:attachment":[{"href":"https:\/\/hoangthien.toidayhoc.com\/index.php\/wp-json\/wp\/v2\/media?parent=44"}],"wp:term":[{"taxonomy":"product_brand","embeddable":true,"href":"https:\/\/hoangthien.toidayhoc.com\/index.php\/wp-json\/wp\/v2\/product_brand?post=44"},{"taxonomy":"product_cat","embeddable":true,"href":"https:\/\/hoangthien.toidayhoc.com\/index.php\/wp-json\/wp\/v2\/product_cat?post=44"},{"taxonomy":"product_tag","embeddable":true,"href":"https:\/\/hoangthien.toidayhoc.com\/index.php\/wp-json\/wp\/v2\/product_tag?post=44"}],"curies":[{"name":"wp","href":"https:\/\/api.w.org\/{rel}","templated":true}]}}